4287?
4
What is the thousands digit of 6414?
6
What is the thousands digit of 29848?
9
What is the tens digit of 484?
8
What is the tens digit of 71348?
4
What is the units digit of 9311?
1
What is the units digit of 3202?
2
What is the ten thousands digit of 31063?
3
What is the units digit of 22695?
5
What is the units digit of 313?
3
What is the hundred thousands digit of 132598?
1
What is the hundreds digit of 9245?
2
What is the thousands digit of 40786?
0
What is the tens digit of 1439?
3
What is the hundreds digit of 2215?
2
What is the tens digit of 3651?
5
What is the ten thousands digit of 60384?
6
What is the units digit of 86?
6
What is the units digit of 4827?
7
What is the hundreds digit of 5091?
0
What is the tens digit of 74?
7
What is the thousands digit of 8576?
8
What is the hundreds digit of 4948?
9
What is the units digit of 4440?
0
What is the units digit of 1718?
8
What is the tens digit of 1546?
4
What is the tens digit of 455?
5
What is the hundreds digit of 21390?
3
What is the thousands digit of 8117?
8
What is the thousands digit of 3521?
3
What is the thousands digit of 7448?
7
What is the units digit of 1391?
1
What is the thousands digit of 39558?
9
What is the units digit of 1182?
2
What is the tens digit of 20229?
2
What is the ten thousands digit of 39238?
3
What is the thousands digit of 31540?
1
What is the ten thousands digit of 24918?
2
What is the tens digit of 1111?
1
What is the tens digit of 298?
9
What is the ten thousands digit of 58263?
5
What is the thousands digit of 29044?
9
What is the hundreds digit of 27189?
1
What is the hundreds digit of 2956?
9
What is the tens digit of 29988?
8
What is the hundreds digit of 544?
5
What is the tens digit of 1686?
8
What is the tens digit of 25653?
5
What is the tens digit of 5883?
8
What is the ten thousands digit of 12001?
1
What is the ten thousands digit of 158586?
5
What is the ten thousands digit of 54967?
5
What is the hundreds digit of 2469?
4
What is the units digit of 3385?
5
What is the hundreds digit of 632?
6
What is the units digit of 3738?
8
What is the tens digit of 770?
7
What is the hundreds digit of 4336?
3
What is the thousands digit of 3556?
3
What is the units digit of 50314?
4
What is the ten thousands digit of 12464?
1
What is the ten thousands digit of 24246?
2
What is the units digit of 818?
8
What is the units digit of 3553?
3
What is the thousands digit of 1687?
1
What is the tens digit of 58690?
9
What is the tens digit of 6577?
7
What is the ten thousands digit of 61328?
6
What is the thousands digit of 1118?
1
What is the hundreds digit of 14069?
0
What is the hundred thousands digit of 136592?
1
What is the units digit of 4833?
3
What is the units digit of 20670?
0
What is the thousands digit of 26009?
6
What is the units digit of 313?
3
What is the thousands digit of 9926?
9
What is the hundreds digit of 23854?
8
What is the units digit of 26251?
1
What is the thousands digit of 1004?
1
What is the units digit of 1090?
0
What is the units digit of 1289?
9
What is the tens digit of 316?
1
What is the thousands digit of 3155?
3
What is the thousands digit of 2280?
2
What is the thousands digit of 5009?
5
What is the tens digit of 4864?
6
What is the hundreds digit of 861?
8
What is the units digit of 74787?
7
What is the units digit of 2615?
5
What is the thousands digit of 56785?
6
What is the tens digit of 1150?
5
What is the thousands digit of 1901?
1
What is the thousands digit of 4643?
4
What is the thousands digit of 10043?
0
What is the hundreds digit of 86603?
6
What is the tens digit of 97886?
8
What is the tens digit of 1258?
5
What is the units digit of 119?
9
What is the units digit of 112612?
2
What is the thousands digit of 7000?
7
What is the tens digit of 70732?
3
What is the tens digit of 2027?
2
What is the hundreds digit of 620?
6
What is the ten thousands digit of 22619?
2
What is the hundreds digit of 5598?
5
What is the tens digit of 3166?
6
What is the tens digit of 384?
8
What is the units digit of 1458?
8
What is the thousands digit of 15142?
5
What is the units digit of 2676?
6
What is the thousands digit of 4682?
4
What is the thousands digit of 1628?
1
What is the hundreds digit of 691?
6
What is the thousands digit of 2596?
2
What is the tens digit of 5337?
3
What is the units digit of 756?
6
What is the hundreds digit of 967?
9
What is the tens digit of 999?
9
What is the hundreds digit of 4196?
1
What is the hundreds digit of 3694?
6
What is the units digit of 4551?
1
What is the tens digit of 20119?
1
What is the units digit of 13177?
7
What is the units digit of 44167?
7
What is the thousands digit of 15300?
5
What is the ten thousands digit of 24207?
2
What is the units digit of 3472?
2
What is the units digit of 807?
7
What is the hundreds digit of 107276?
2
What is the hundreds digit of 953?
9
What is the units digit of 4539?
9
What is the tens digit of 3381?
8
What is the units digit of 65640?
0
What is the thousands digit of 2237?
2
What is the units digit of 193?
3
What is the tens digit of 897?
9
What is the units digit of 1186?
6
What is the tens digit of 57494?
9
What is the tens digit of 13633?
3
What is the units digit of 2742?
2
What is the hundreds digit of 2390?
3
What is the hundreds digit of 661?
6
What is the hundred thousands digit of 104879?
1
What is the units digit of 2833?
3
What is the thousands digit of 1428?
1
What is the units digit of 764?
4
What is the tens digit of 820?
2
What is the units digit of 14038?
8
What is the thousands digit of 25916?
5
What is the units digit of 670?
0
What is the thousands digit of 43872?
3
What is the thousands digit of 63623?
3
What is the units digit of 3082?
2
What is the tens digit of 6800?
0
What is the thousands digit of 6988?
6
What is the ten thousands digit of 43116?
4
What is the hundred thousands digit of 143509?
1
What is the tens digit of 35471?
7
What is the units digit of 507?
7
What is the thousands digit of 48341?
8
What is the thousands digit of 5702?
5
What is the hundreds digit of 18130?
1
What is the units digit of 5559?
9
What is the tens digit of 51?
5
What is the tens digit of 3953?
5
What is the units digit of 2425?
5
What is the thousands digit of 3616?
3
What is the units digit of 3161?
1
What is the ten thousands digit of 31274?
3
What is the thousands digit of 11443?
1
What is the ten thousands digit of 11866?
1
What is the units digit of 16880?
0
What is the hundreds digit of 844?
8
What is the units digit of 3358?
8
What is the tens digit of 2459?
5
What is the thousands digit of 10143?
0
What is the hundreds digit of 179580?
5
What is the ten thousands digit of 33014?
3
What is the units digit of 960?
0
What is the thousands digit of 27332?
7
What is the hundreds digit of 2507?
5
What is the tens digit of 129050?
5
What is the thousands digit of 3420?
3
What is the hundreds digit of 3403?
4
What is the thousands digit of 11603?
1
What is the hundreds digit of 3770?
7
What is the units digit of 4824?
4
What is the units digit of 34891?
1
What is the ten thousands digit of 183362?
8
What is the ten thousands digit of 32463?
3
What is the hundreds digit of 740?
7
What is the units digit of 36?
6
What is the units digit of 11023?
3
What is the hundreds digit of 2212?
2
What is the ten thousands digit of 24463?
2
What is the units digit of 1482?
2
What is the hundreds digit of 66218?
2
What is the units digit of 4202?
2
What is the tens digit of 19898?
9
What is the hundreds digit of 31792?
7
What is the hundreds digit of 8116?
1
What is the tens digit of 11790?
9
What is the tens digit of 6235?
3
What is the units digit of 470?
0
What is the hundreds digit of 914?
9
What is the hundreds digit of 4723?
7
What is the units digit of 933?
3
What is the tens digit of 1970?
7
What is the tens digit of 1363?
6
What is the hundreds digit of 417?
4
What is the tens digit of 2229?
2
What is the tens digit of 57408?
0
What is the thousands digit of 31861?
1
What is the tens digit of 664?
6
What is the tens digit of 27188?
8
What is the ten thousands digit of 69483?
6
What is the hundreds digit of 579?
5
What is the hundreds digit of 5220?
2
What is the tens digit of 2443?
4
What is the tens digit of 12305?
0
What is